 -5*p + 15, -y + x = 4*p - 13. What is the units digit of p?
5
Suppose 0 = -4*l - 3*m + 567, 2*l - 3*m - 175 - 86 = 0. What is the units digit of l?
8
Let s be (-8 - 1)*4/(-6). Let l be 23 - (-3)/s*2. Suppose 4*b - 20 = l. What is the tens digit of b?
1
Suppose -13 = -2*f + 15. Let l = -9 + f. Let q = 15 - l. What is the units digit of q?
0
Suppose -8*j = -3*j. Suppose -3*g - 2 + 14 = j. Let k = g - 1. What is the units digit of k?
3
Suppose -7*m + 161 = -2002. What is the units digit of m?
9
Suppose -s - 3*z + 25 = 0, 4*z = -3*s + 6*z + 119. What is the tens digit of s?
3
Let r(q) = 4*q**2 - 8*q**2 + 1 - q - 4*q**2 - q**3 - 5. Let b be r(-8). Suppose 10 = 3*t - b*z, 0*z + 5 = z. What is the units digit of t?
0
Suppose 2*u - 60 = -20. Let k = u - 8. What is the tens digit of k?
1
Let g = -45 - -80. What is the units digit of g?
5
Suppose -z + 2*u + 13 = -5, -3*z + 3*u = -63. What is the tens digit of z?
2
Let h(q) = 4*q - 1. Let o be h(2). Let f = o + -4. What is the units digit of f?
3
Suppose 0 = 3*u - 2*u. Suppose u = -j - j + 24. What is the units digit of j?
2
Suppose 16*y - 10*y = 1524. What is the units digit of y?
4
Suppose -6*v + v = 20. What is the units digit of (-34)/v + (-5)/(-10)?
9
Suppose 5*z = 3*z + 10. Suppose 3*q - 5*h = 29, -q + 2 = -z*h - 1. What is the tens digit of q?
1
Let q be 1*36 - (-3 - -4). Let j = q + -19. What is the units digit of j?
6
Suppose s = 4 + 2. Suppose -2*n + 28 = s. What is the tens digit of n?
1
Suppose c - 16 = 5*c, 0 = 2*j + 2*c + 62. What is the units digit of (1/3)/((-1)/j)?
9
Suppose 288 = -6*g + 10*g. What is the units digit of g?
2
Suppose -5*v + 470 = -2*q, v + 0*v = 5*q + 117. Suppose 2*u - v = -2*y, 5*u = -4*y + y + 134. What is the units digit of y?
8
Let b(t) = -t**2 + 12*t + 6. Let u be b(13). Let d = 6 - 3. Let i = d - u. What is the units digit of i?
0
Let o = -30 - -113. What is the tens digit of o?
8
Suppose -3*o + 86 = -151. What is the units digit of o?
9
Suppose 7*t - 2*t - 110 = 0. What is the units digit of t?
2
Let o be 6/(-5)*(-80)/12. Let n(u) = o - 5*u - 6 + 0*u**3 + 2*u**3 + 3*u. What is the tens digit of n(2)?
1
Let y(x) = 5*x**2 - 2*x + 1. Suppose -2*n - 3*n + 10 = 0. What is the tens digit of y(n)?
1
Let v = 32 + -27. What is the units digit of v?
5
Let t be (7 + -2)/(2 + -1). Suppose -3*q = -0*x + t*x - 19, -17 = -3*q - 4*x. Let o = 8 - q. What is the units digit of o?
5
Let y = -6 + 27. Suppose 0 = 3*q + 2*i - 4*i - y, 7 = q - i. What is the units digit of q?
7
Let t(v) = -2*v + 1 - 2 - 6 + 0*v. What is the units digit of t(-7)?
7
Suppose -750 = -58*r + 53*r. What is the units digit of r?
0
Suppose 0*t + t + c - 3 = 0, -57 = -4*t + 5*c. Suppose 5*q = 68 - t. What is the tens digit of q?
1
Suppose 5*y - 132 + 47 = 0. What is the units digit of (-1)/(4 + y/(-4))?
4
Let w(s) = s**3 + 4*s**2 + 3*s + 3. Let t = -17 + 14. What is the units digit of w(t)?
3
Suppose -150 = -2*q - 3*q. Let w = q - 9. Suppose -3*t = -0*t - w. What is the units digit of t?
7
Let n be (8/5)/((-2)/(-10)). Let g = -4 + n. Let i(b) = b - 1. What is the units digit of i(g)?
3
Suppose k = 1 + 2. Suppose h = -k*h + 92. What is the units digit of h?
3
Let m(w) = 45*w - 1. Let x be m(1). Let q = -94 + x. Let u = -36 - q. What is the tens digit of u?
1
Suppose 0 = -2*j + 4*s + 54, s + 86 = 3*j - 0*j. What is the tens digit of j?
2
Let f(c) = c**2 - 5*c - 8. Let q be f(7). What is the tens digit of -26*(q/3)/(-4)?
1
Let f = -28 - -98. What is the units digit of f?
0
Suppose -k + 3*o + 11 = 2*o, -12 = -2*k - 3*o. Let d = 35 - k. What is the units digit of d?
6
Let z = 3 - -13. Suppose -19*g + 90 = -z*g. What is the tens digit of g?
3
Suppose -3*p + 100 = 4*r, 0 = -5*r - 2*p + 89 + 29. Suppose 2*u + 2*q = r, -2*u = -q - 45 + 14. What is the tens digit of u?
1
Let j = 18 + 2. What is the tens digit of j?
2
Let s = 26 + -19. Let x = s - -27. What is the tens digit of x?
3
What is the units digit of -4 - 150/(-3) - 0?
6
Let k(v) = v**2 - 1. Let s(z) = -8*z**2 - 2*z + 2. Let p(a) = 2*k(a) + s(a). Let o be p(2). What is the units digit of (o/(-16))/(1/4)?
7
Let j be 2/(-4) - (-4)/(-8). Let m be ((-2)/j + -1)*-1. What is the units digit of (-5)/(-1 + 1 + m)?
5
Let f(w) = -85*w**3 - w**2 - 2*w - 1. What is the tens digit of f(-1)?
8
Suppose -7*h - 30 = -2*h. Let r(b) = -b**3 - 7*b**2 - 5*b - 1. Let c be r(h). Let u(q) = q + 9. What is the units digit of u(c)?
2
Suppose 0 = -2*p + 5*r + 46, -5*p - 3*r = r - 148. What is the units digit of p?
8
Let m = 6 + -4. Suppose -8 = -m*s + 4*u, s + 7*u - 11 = 2*u. What is the units digit of s?
6
Let i(j) = -81*j - 10. What is the units digit of i(-1)?
1
What is the tens digit of (2 + -206 + 3)*-1?
0
What is the tens digit of 6/(-10) - ((-789)/15 - -1)?
5
Let l(k) = k**2 + 1. Let o(c) = c**3 + 6*c**2 + 5*c + 6. Let h(n) = 3*l(n) - o(n). What is the tens digit of h(-3)?
1
Let q(x) = -x**3 - 10*x**2 - 9*x - 7. Let o be q(-9). Suppose b - 14 + 2 = 0. Let k = b + o. What is the units digit of k?
5
Let l = -18 + 29. Let m = 12 + 3. Let k = m - l. What is the units digit of k?
4
Let h = -8 - -6. Let k be 41/h - 1/2. Let t = k - -35. What is the units digit of t?
4
Let h(o) be the third derivative of 1/6*o**3 + 0*o + 2/15*o**5 + 1/12*o**4 + 2*o**2 + 0. What is the units digit of h(-1)?
7
Suppose -11*o = 806 - 4491. What is the tens digit of o?
3
Suppose 5*o = c + 62 - 2, -o + 4*c = -31. Suppose 4*q - 3*q = o. What is the tens digit of q?
1
Let y(v) = -75*v + 5. What is the tens digit of y(-2)?
5
Let c(a) = 1. Let h(x) = -7*x + 7. Let j(v) = -6*c(v) + h(v). What is the units digit of j(-1)?
8
Let z(j) = 3*j**3 + j - 5. Let i(r) = -2*r**3 - r**2 + 4. Let v(w) = 4*i(w) + 3*z(w). Let b be v(3). Let p(t) = 4*t**3 - 1. What is the units digit of p(b)?
3
Let t(c) = -c + 42. What is the tens digit of t(0)?
4
Suppose 3*f - 29 = 61. What is the tens digit of f?
3
Suppose -4*l - 12 = c + 3*c, -3*c - 4 = -2*l. Let u = c + 19. What is the units digit of u?
7
Let z(r) = 11*r**2 + 2*r + 7. What is the units digit of z(-4)?
5
Let o(b) = -6*b**2 - 14*b + 1. Let s(m) = m**2 + m - 1. Let f(q) = o(q) + 5*s(q). Let g be f(-8). What is the tens digit of (110/15)/(g/6)?
1
Suppose 0*f - 3*s - 77 = -2*f, -3*f - 4*s = -124. What is the units digit of f/4 + 1 + 3?
4
Let y = -21 + 50. Let g = y - 12. What is the tens digit of g?
1
Suppose 0 = m - 3*m. Let n = 0 - m. Suppose -4*y + 1 = -n*y + 3*f, -6 = -4*y + 2*f. What is the units digit of y?
1
Let u(t) = t**3 - 9*t**2 - 9*t - 14. Let g be u(10). Let h be 1 - g - (-1 - -1). Let w = h - -4. What is the units digit of w?
9
Let s be (4 - -4)/((-1)/(-3)). Suppose 3*b - 2*w = s - 1, -9 = -5*b - 4*w. What is the units digit of b?
5
Let c(d) = d**3 + 6*d**2 + 4*d + 2. Let v be c(-5). Suppose 7*x - 9 = 4*x - 2*h, 0 = 3*h. Suppose -x*y = -v*y + 52. What is the tens digit of y?
1
Let a = -8 - -32. What is the units digit of a?
4
Let s(c) = c + 3. Let b(v) = -2. Let z(r) = 5*b(r) + 3*s(r). Let q be z(3). Suppose 3*h - q = 22. What is the tens digit of h?
1
Let h be (6/4)/(9/24). Let p(q) = q**2 - 2*q + 5. What is the tens digit of p(h)?
1
Let n(z) = z**3 - 2*z**2 + 3*z - 3. Let w = -4 - -6. Let f be n(w). Suppose 2*r = -r + f. What is the units digit of r?
1
Suppose -3*n + 129 = -0*n. What is the tens digit of n?
4
Suppose 2*j = -2*h + 12, 0*h + 9 = 2*j + 5*h. What is the units digit of j?
7
Suppose q + 84 = 5*p, -q + 54 = 3*p + 2*q. What is the tens digit of p?
1
Suppose -4*z + 5*z - 56 = 0. What is the units digit of z?
6
Let i(n) = 6*n**2 - n. Suppose g - 8 = -4*d - g, d - 2 = -3*g. Suppose 0 = -3*m, d*k + 2 = 4*m - 2*m. What is the units digit of i(k)?
7
Suppose 0 = -2*r + 2. Let t be -9*(2/(-3))/(-1). What is the units digit of (2/t)/(r/(-21))?
7
Let g = 1 + -8. Suppose 3*d = 5*y - 1, 9 = -5*d - y + 2*y. What is the tens digit of (d/(-6))/(g/(-399))?
1
Suppose 3*g - 10 = 119. What is the units digit of g?
3
Let a = 279 + -117. What is the tens digit of a?
6
Let h(t) = 5*t + 3. Let m be h(7). Suppose -4*a = m - 154. What is the tens digit of a?
2
Let s(h) be the second derivative of -h**3/6 - 5*h**2/2 + h. What is the units digit of s(-10)?
5
Suppose -2*x + 2 = 0, 3*v - 2*x = -104 - 30. What is the units digit of (-3 - (v + -1))/1?
2
Let k(z) = z**3 + z**2 - 1. Let